common factor of 549 and 12688?
61
Calculate the highest common divisor of 18258 and 136.
34
What is the greatest common factor of 12122 and 19646?
418
Calculate the highest common divisor of 2403 and 249467.
89
What is the highest common divisor of 28 and 1137899?
7
What is the greatest common factor of 7 and 2702?
7
What is the highest common divisor of 11086 and 460?
46
Calculate the highest common factor of 6 and 73266.
6
Calculate the highest common factor of 16 and 6276.
4
What is the greatest common divisor of 1128 and 2984312?
376
Calculate the highest common factor of 2451 and 399.
57
What is the highest common divisor of 24832 and 17266?
194
Calculate the highest common factor of 373260 and 1560.
60
What is the greatest common factor of 4312 and 55517?
539
What is the greatest common factor of 38246 and 413351?
1471
What is the highest common divisor of 34600 and 280?
40
Calculate the greatest common factor of 308 and 1853698.
154
Calculate the greatest common factor of 73296 and 576.
144
Calculate the greatest common divisor of 3223 and 18260.
11
What is the highest common divisor of 376 and 196648?
376
Calculate the greatest common factor of 1586 and 5612.
122
What is the greatest common divisor of 748123 and 93?
31
Calculate the greatest common divisor of 12342 and 29403.
363
What is the greatest common factor of 1539 and 4761?
9
What is the greatest common factor of 14480 and 320?
80
Calculate the greatest common divisor of 502332 and 1968.
492
What is the highest common divisor of 59388 and 48?
12
What is the greatest common divisor of 2177100 and 123?
123
Calculate the highest common divisor of 584736 and 24.
24
What is the greatest common divisor of 7936 and 544?
32
What is the greatest common factor of 16 and 158688?
16
Calculate the highest common factor of 232 and 12184.
8
What is the greatest common factor of 319 and 27973?
11
What is the highest common factor of 362550 and 15?
15
Calculate the highest common factor of 710814 and 5070.
1014
Calculate the greatest common factor of 24 and 9960.
24
Calculate the highest common divisor of 12260 and 100.
20
What is the highest common divisor of 99 and 36360?
9
What is the highest common divisor of 746415 and 1710?
855
What is the greatest common factor of 747205 and 45?
5
Calculate the highest common divisor of 219 and 202648.
73
Calculate the greatest common divisor of 161968 and 636.
212
Calculate the highest common divisor of 73411 and 351.
13
What is the highest common divisor of 23 and 17784543?
23
Calculate the highest common divisor of 7 and 47921.
1
Calculate the greatest common divisor of 43 and 27133.
43
Calculate the highest common factor of 25483 and 323.
17
What is the highest common factor of 17812 and 511?
73
Calculate the greatest common divisor of 2019752 and 112.
56
What is the greatest common factor of 41713 and 57974?
707
What is the highest common factor of 112366 and 2052?
38
What is the greatest common divisor of 75516 and 3507?
21
Calculate the highest common factor of 21 and 1777209.
21
Calculate the greatest common factor of 5196457 and 7.
7
Calculate the greatest common divisor of 31034 and 3953.
59
What is the greatest common factor of 8 and 402880?
8
Calculate the greatest common divisor of 1459 and 14.
1
Calculate the greatest common factor of 47 and 138039.
47
What is the highest common factor of 1575 and 1602?
9
Calculate the highest common divisor of 1338818 and 233.
233
What is the greatest common factor of 69377 and 212?
53
Calculate the highest common factor of 1980 and 5060.
220
Calculate the greatest common factor of 6059 and 83.
83
What is the highest common divisor of 9378 and 216?
18
What is the highest common factor of 1521 and 83317?
169
Calculate the greatest common factor of 361645 and 17723.
479
What is the highest common factor of 5303611 and 101?
101
What is the highest common divisor of 51 and 56032?
17
What is the highest common divisor of 44 and 3329876?
44
What is the highest common divisor of 62205 and 2508?
33
What is the highest common factor of 8722 and 345142?
1246
What is the greatest common factor of 1460 and 101908?
292
What is the highest common factor of 1755 and 715?
65
What is the greatest common divisor of 145694 and 10514?
1502
What is the highest common divisor of 1232 and 11011?
77
What is the highest common divisor of 32 and 11048?
8
What is the highest common divisor of 642 and 137174?
214
Calculate the highest common factor of 56 and 693329.
7
What is the highest common factor of 150 and 255?
15
Calculate the greatest common factor of 126340 and 48.
4
Calculate the highest common factor of 8965 and 5390.
55
What is the greatest common factor of 245 and 162680?
245
Calculate the greatest common divisor of 2271 and 2517782.
757
What is the greatest common divisor of 99 and 40623?
33
Calculate the highest common divisor of 235 and 67069.
47
Calculate the highest common divisor of 2070 and 26145.
45
What is the greatest common factor of 9299 and 425?
17
Calculate the highest common divisor of 178776 and 7258.
382
What is the greatest common factor of 2976 and 324?
12
What is the highest common divisor of 633 and 114995?
211
What is the greatest common factor of 4 and 18030?
2
What is the greatest common divisor of 113 and 31979?
113
Calculate the highest common factor of 12620130 and 20.
10
Calculate the highest common factor of 87 and 2576592.
87
Calculate the highest common divisor of 19818 and 14680.
734
Calculate the greatest common factor of 23780 and 116.
116
Calculate the greatest common factor of 4674 and 309.
3
What is the greatest common factor of 20120 and 28?
4
What is the highest common factor of 788000 and 48?
16
Calculate the greatest common divisor of 25540 and 24220.
20
Calculate the highest common factor of 3940 and 5540.
20
Calculate the greatest common divisor of 75 and 750150.
75
Calculate the greatest common factor of 828 and 1719.
9
What is the highest common divisor of 3219580 and 203?
203
What is the highest common factor of 64 and 1144?
8
What is the highest common divisor of 13632 and 56?
8
What is the highest common divisor of 10665 and 7290?
135
What is the highest common factor of 39315 and 15?
15
Calculate the greatest common divisor of 94112 and 238.
34
Calculate the highest common factor of 292 and 387484.
292
What is the highest common divisor of 13 and 189215?
13
Calculate the greatest common divisor of 2520 and 92680.
280
Calculate the highest common divisor of 3984 and 1916553.
249
What is the highest common divisor of 64 and 2677424?
16
What is the highest common divisor of 68750 and 25?
25
What is the greatest common factor of 17958 and 1387?
73
Calculate the greatest common divisor of 285 and 588867.
57
What is the greatest common divisor of 672 and 76064?
32
Calculate the greatest common divisor of 294073 and 104.
13
What is the greatest common factor of 50085 and 5040?
315
Calculate the greatest common factor of 371 and 78771.
7
Calculate the highest common factor of 1347414 and 6.
6
Calculate the highest common factor of 9095 and 428.
107
Calculate the highest common divisor of 18352 and 34114.
74
What is the highest common factor of 3286500 and 140?
140
What is the highest common divisor of 51391 and 17?
17
Calculate the greatest common factor of 145377 and 522.
261
Calculate the greatest common divisor of 461362 and 737.
737
What is the highest common divisor of 832 and 674336?
416
Calculate the greatest common factor of 37875 and 138370.
505
Calculate the greatest common factor of 6612 and 4872.
348
What is the highest common divisor of 2 and 52480?
2
Calculate the highest common divisor of 550 and 310750.
550
What is the highest common divisor of 9970290 and 90?
90
What is the highest common factor of 4235 and 135?
5
What is the greatest common factor of 8355 and 165?
15
What is the highest common divisor of 297697 and 3490?
349
Calculate the highest common factor of 36288 and 6272.
448
What is the highest common divisor of 4 and 903908?
4
What is the greatest common divisor of 405 and 1887?
3
What is the highest common divisor of 13 and 38389?
13
Calculate the highest common divisor of 425280 and 240.
240
What is the highest common factor of 6342 and 168?
42
W